{"id":903,"date":"2021-04-19T15:47:54","date_gmt":"2021-04-19T18:47:54","guid":{"rendered":"http:\/\/saaenep.com.br\/new\/?page_id=903"},"modified":"2024-12-12T16:03:57","modified_gmt":"2024-12-12T19:03:57","slug":"2a-via","status":"publish","type":"page","link":"https:\/\/saaenep.com.br\/new\/index.php\/2a-via\/","title":{"rendered":"2\u00aa Via"},"content":{"rendered":"\n<p>A segunda via de conta poder\u00e1 ser obtida online ou presencialmente. <\/p>\n\n\n\n<p class=\"has-text-align-center\"><strong>ATEN\u00c7\u00c3O: SEGUNDA VIA DO SAAE, NO MOMENTO EST\u00c1 SENDO RETIRADA SOMENTE PRESENCIALMENTE, NA PRA\u00c7A C\u00d4NEGO MENEZES, n\u00ba 246, 2\u00aa ANDAR.<\/strong> (DATA: 12-12-2024)<\/p>\n\n\n\n<p class=\"has-background\" style=\"background-color:#eae8e8\"><strong>On-line:<\/strong> Para acessar a segunda via de conta <em>on-line<\/em>, basta que o usu\u00e1rio entre no site do SAAE, escolha a op\u00e7\u00e3o \u201c2<sup>a<\/sup> via de conta\u201d e insira o seu ID eletr\u00f4nico no campo correspondente. Automaticamente, ser\u00e1 dado acesso \u00e0 \u00e1rea do usu\u00e1rio, onde estar\u00e1 dispon\u00edvel a listagem de d\u00e9bitos pendentes e poder\u00e1 ser escolhida a op\u00e7\u00e3o para emiss\u00e3o de 2\u00aa via do boleto de cobran\u00e7a. Esse servi\u00e7o \u00e9 gratuito.<\/p>\n\n\n\n<p class=\"has-background\" style=\"background-color:#eae8e8\"><strong>Presencial<\/strong>: Para requerer segunda via presencialmente, basta dirigir-se \u00e0 sede do SAAE e informar o endere\u00e7o do im\u00f3vel e os dados do titular da unidade consumidora. A 2\u00aa via de conta ser\u00e1 fornecida imediatamente e os valores por essa nova via impressa ser\u00e3o cobrados na fatura do m\u00eas seguinte \u00e0 presta\u00e7\u00e3o desse servi\u00e7o.<\/p>\n","protected":false},"excerpt":{"rendered":"<p>A segunda via de conta poder\u00e1 ser obtida online ou presencialmente. ATEN\u00c7\u00c3O: SEGUNDA VIA DO SAAE, NO MOMENTO EST\u00c1 SENDO RETIRADA SOMENTE PRESENCIALMENTE, NA PRA\u00c7A C\u00d4NEGO MENEZES, n\u00ba 246, 2\u00aa ANDAR. (DATA: 12-12-2024) On-line: Para acessar a segunda via de conta on-line, basta que o usu\u00e1rio entre no site do SAAE, escolha a op\u00e7\u00e3o \u201c2a via de conta\u201d e insira [&hellip;]<\/p>\n","protected":false},"author":1,"featured_media":0,"parent":0,"menu_order":0,"comment_status":"closed","ping_status":"closed","template":"","meta":{"footnotes":""},"class_list":["post-903","page","type-page","status-publish","hentry"],"_links":{"self":[{"href":"https:\/\/saaenep.com.br\/new\/index.php\/wp-json\/wp\/v2\/pages\/903","targetHints":{"allow":["GET"]}}],"collection":[{"href":"https:\/\/saaenep.com.br\/new\/index.php\/wp-json\/wp\/v2\/pages"}],"about":[{"href":"https:\/\/saaenep.com.br\/new\/index.php\/wp-json\/wp\/v2\/types\/page"}],"author":[{"embeddable":true,"href":"https:\/\/saaenep.com.br\/new\/index.php\/wp-json\/wp\/v2\/users\/1"}],"replies":[{"embeddable":true,"href":"https:\/\/saaenep.com.br\/new\/index.php\/wp-json\/wp\/v2\/comments?post=903"}],"version-history":[{"count":12,"href":"https:\/\/saaenep.com.br\/new\/index.php\/wp-json\/wp\/v2\/pages\/903\/revisions"}],"predecessor-version":[{"id":4240,"href":"https:\/\/saaenep.com.br\/new\/index.php\/wp-json\/wp\/v2\/pages\/903\/revisions\/4240"}],"wp:attachment":[{"href":"https:\/\/saaenep.com.br\/new\/index.php\/wp-json\/wp\/v2\/media?parent=903"}],"curies":[{"name":"wp","href":"https:\/\/api.w.org\/{rel}","templated":true}]}}