{"id":889,"date":"2021-04-19T15:44:07","date_gmt":"2021-04-19T18:44:07","guid":{"rendered":"http:\/\/saaenep.com.br\/new\/?page_id=889"},"modified":"2021-08-13T16:13:36","modified_gmt":"2021-08-13T19:13:36","slug":"revisao-de-conta","status":"publish","type":"page","link":"https:\/\/saaenep.com.br\/new\/index.php\/revisao-de-conta\/","title":{"rendered":"Revis\u00e3o de Conta"},"content":{"rendered":"\n<ul class=\"has-background wp-block-list\" style=\"background-color:#0eb599\"><li><strong>QUEM PODE REQUERER?<\/strong><\/li><\/ul>\n\n\n\n<p>Propriet\u00e1rio ou usu\u00e1rio do im\u00f3vel.<\/p>\n\n\n\n<ul class=\"has-background wp-block-list\" style=\"background-color:#0eb599\"><li><strong>REQUISITO:<\/strong><\/li><\/ul>\n\n\n\n<p>Atender aos termos de Portaria do SAAE Nepomuceno.<\/p>\n\n\n\n<ul class=\"has-background wp-block-list\" style=\"background-color:#0eb599\"><li><strong>DOCUMENTOS NECESS\u00c1RIOS:<\/strong><\/li><\/ul>\n\n\n\n<p>1. Via original da conta que se requer a revis\u00e3o;<\/p>\n\n\n\n<p>2. Requerimento escrito de revis\u00e3o de conta (<a href=\"http:\/\/saaenep.com.br\/new\/anexos2021\/portaria005-2021_anexos.pdf\" target=\"_blank\" rel=\"noreferrer noopener\">Acesse aqui para imprimir modelo<\/a> ou solicite via impressa junto \u00e0 sede do SAAE);<\/p>\n\n\n\n<p>3. Documento de identifica\u00e7\u00e3o pessoal:<\/p>\n\n\n\n<p><strong>\u2013 Se pessoa f\u00edsica:<\/strong><\/p>\n\n\n\n<ul class=\"wp-block-list\"><li>CPF + Documento de identifica\u00e7\u00e3o pessoal (RG ou outro documento oficial com foto)<\/li><\/ul>\n\n\n\n<p><strong>\u2013 Se pessoa jur\u00eddica:<\/strong><\/p>\n\n\n\n<ul class=\"wp-block-list\"><li>CNPJ;<\/li><\/ul>\n\n\n\n<ul class=\"wp-block-list\"><li>Documento relativo \u00e0 constitui\u00e7\u00e3o (um dos documentos a seguir): contrato social ou \u00faltima altera\u00e7\u00e3o contratual ou estatuto social ou Certificado da Condi\u00e7\u00e3o de Microempreendedor Individual (CCMEI) ou conven\u00e7\u00e3o do condom\u00ednio + ata de nomea\u00e7\u00e3o do s\u00edndico ou ato constitutivo da entidade religiosa + ata de elei\u00e7\u00e3o da atual diretoria;<\/li><\/ul>\n\n\n\n<ul class=\"wp-block-list\"><li>Do s\u00f3cio ou s\u00edndico: CPF + Documento de identifica\u00e7\u00e3o pessoal (RG ou outro documento oficial com foto);<\/li><\/ul>\n\n\n\n<ul class=\"wp-block-list\"><li>Do representante legal: Procura\u00e7\u00e3o com poderes espec\u00edficos + CPF + Documento de identifica\u00e7\u00e3o pessoal (RG ou outro documento oficial com foto).<\/li><\/ul>\n\n\n\n<ul class=\"has-background wp-block-list\" style=\"background-color:#0eb599\"><li><strong>PROCEDIMENTO:<\/strong><\/li><\/ul>\n\n\n\n<p>Comparecimento presencial ao SAAE para apresenta\u00e7\u00e3o e protocolo de documentos. O SAAE far\u00e1 a an\u00e1lise da documenta\u00e7\u00e3o apresentada e entrar\u00e1 em contato com o usu\u00e1rio quanto ao resultado do processo por meio do n\u00famero de telefone fornecido pelo usu\u00e1rio na documenta\u00e7\u00e3o apresentada.<\/p>\n","protected":false},"excerpt":{"rendered":"<p>QUEM PODE REQUERER? Propriet\u00e1rio ou usu\u00e1rio do im\u00f3vel. REQUISITO: Atender aos termos de Portaria do SAAE Nepomuceno. DOCUMENTOS NECESS\u00c1RIOS: 1. Via original da conta que se requer a revis\u00e3o; 2. Requerimento escrito de revis\u00e3o de conta (Acesse aqui para imprimir modelo ou solicite via impressa junto \u00e0 sede do SAAE); 3. Documento de identifica\u00e7\u00e3o pessoal: \u2013 Se pessoa f\u00edsica: CPF [&hellip;]<\/p>\n","protected":false},"author":1,"featured_media":0,"parent":0,"menu_order":0,"comment_status":"closed","ping_status":"closed","template":"","meta":{"footnotes":""},"class_list":["post-889","page","type-page","status-publish","hentry"],"_links":{"self":[{"href":"https:\/\/saaenep.com.br\/new\/index.php\/wp-json\/wp\/v2\/pages\/889","targetHints":{"allow":["GET"]}}],"collection":[{"href":"https:\/\/saaenep.com.br\/new\/index.php\/wp-json\/wp\/v2\/pages"}],"about":[{"href":"https:\/\/saaenep.com.br\/new\/index.php\/wp-json\/wp\/v2\/types\/page"}],"author":[{"embeddable":true,"href":"https:\/\/saaenep.com.br\/new\/index.php\/wp-json\/wp\/v2\/users\/1"}],"replies":[{"embeddable":true,"href":"https:\/\/saaenep.com.br\/new\/index.php\/wp-json\/wp\/v2\/comments?post=889"}],"version-history":[{"count":22,"href":"https:\/\/saaenep.com.br\/new\/index.php\/wp-json\/wp\/v2\/pages\/889\/revisions"}],"predecessor-version":[{"id":1688,"href":"https:\/\/saaenep.com.br\/new\/index.php\/wp-json\/wp\/v2\/pages\/889\/revisions\/1688"}],"wp:attachment":[{"href":"https:\/\/saaenep.com.br\/new\/index.php\/wp-json\/wp\/v2\/media?parent=889"}],"curies":[{"name":"wp","href":"https:\/\/api.w.org\/{rel}","templated":true}]}}