{"id":882,"date":"2021-04-19T15:40:03","date_gmt":"2021-04-19T18:40:03","guid":{"rendered":"http:\/\/saaenep.com.br\/new\/?page_id=882"},"modified":"2024-06-18T18:09:10","modified_gmt":"2024-06-18T21:09:10","slug":"qualidade-da-agua","status":"publish","type":"page","link":"https:\/\/saaenep.com.br\/new\/index.php\/qualidade-da-agua\/","title":{"rendered":"Qualidade da \u00c1gua"},"content":{"rendered":"\n<p><\/p>\n\n\n\n<p>A \u00e1gua distribu\u00edda \u00e0 popula\u00e7\u00e3o de Nepomuceno \u00e9 captada no c\u00f3rrego do Sap\u00e9, por meio de uma barragem de n\u00edvel para tomada de \u00e1gua e sua qualidade \u00e9 controlada desde ent\u00e3o. A \u00e1gua \u00e9 aduzida por gravidade atrav\u00e9s de 553,50 metros de tubula\u00e7\u00e3o de PVC com di\u00e2metro de 400 milimetros at\u00e9 a Esta\u00e7\u00e3o de Tratamento \u2013 DENERU.<br>A ETA \u00e9 do tipo cl\u00e1ssico ou tratamento convencional com as seguintes combina\u00e7\u00f5es de opera\u00e7\u00f5es unit\u00e1rias para clarifica\u00e7\u00e3o: coagula\u00e7\u00e3o, flocula\u00e7\u00e3o, sedimenta\u00e7\u00e3o e filtra\u00e7\u00e3o r\u00e1pida descendente e reserva\u00e7\u00e3o.<br>A qualidade da \u00e1gua fornecida \u00e0 popula\u00e7\u00e3o \u00e9 controlada na capta\u00e7\u00e3o no c\u00f3rrego do Sap\u00e9 at\u00e9 a entrada da resid\u00eancia do consumidor, em pontos pr\u00e9-definidos, por pessoal treinado e capacitado, para assegurar que a \u00e1gua fornecida pelo SAAE esteja de acordo com as normas de potabilidade existentes.<br>Para tanto s\u00e3o realizadas analises di\u00e1rias de duas em duas horas no manancial, no processo de tratamento e na rede de distribui\u00e7\u00e3o. Al\u00e9m disso, s\u00e3o realizadas an\u00e1lises bimestrais, trimestrais e semestrais, conforme a Resolu\u00e7\u00e3o CONAMA n\u00b0357 e a Portaria GM\/MS N\u00ba888, de 4 de maio de 2021, que define as normas sobre as a\u00e7\u00f5es e os servi\u00e7os de sa\u00fade e disp\u00f5e sobre o controle e vigil\u00e2ncia da qualidade da \u00e1gua para consumo humano e seu padr\u00e3o de potabilidade. Todo esse controle \u00e9 feito em laborat\u00f3rio pr\u00f3prio do SAAE e terceirizados.<br>Entenda os par\u00e2metros analisados para realizar a an\u00e1lise da qualidade da \u00e1gua:<br>\u2022 Turbidez: Caracter\u00edstica decorrente da exist\u00eancia de part\u00edculas s\u00f3lidas dispersas na \u00e1gua podendo deixar as \u00e1guas com a apar\u00eancia turva, isto \u00e9, sem transpar\u00eancia. Com esse par\u00e2metro permiti utilizar na propor\u00e7\u00e3o certa das quantidades de produtos qu\u00edmicos durante o tratamento da \u00e1gua.<br>\u2022 pH: O pH (potencial hidrogeni\u00f4nico) representa a intensidade das condi\u00e7\u00f5es \u00e1cidas e alcalinas do meio l\u00edquido por meio da medi\u00e7\u00e3o da presen\u00e7a de \u00edons hidrog\u00eanio (H+). \u00c9 calculado em escala anti-logar\u00edtmica, abrangendo a faixa de 0 a 14 (inferior a 7: condi\u00e7\u00f5es \u00e1cida; superior a 7: condi\u00e7\u00f5es alcalina). Esse par\u00e2metro objetiva minimizar os problemas de incrusta\u00e7\u00f5es e corros\u00e3o das redes de distribui\u00e7\u00e3o.<br>\u2022 Cor aparente: Caracter\u00edstica decorrente da exist\u00eancia de subst\u00e2ncias org\u00e2nicas dissolvidas na \u00e1gua que alteram sua colora\u00e7\u00e3o.<br>\u2022 Cloro residual livre: \u00c9 a quantidade do cloro que permanece na \u00e1gua durante o seu percurso na rede de abastecimento, garantido aus\u00eancia de micro-organismos.<br>\u2022 Coliformes totais: Grupo de bact\u00e9rias que podem ocorrer naturalmente no meio ambiente (\u00e1gua, solo). \u00c9 um par\u00e2metro de integridade de rede cuja presen\u00e7a n\u00e3o compromete a potabilidade da \u00e1gua, quando a Escherichia coli estiver ausente.<br>\u2022 Escherichia coli: Esp\u00e9cie de bact\u00e9rias do grupo coliformes que indicam a possibilidade de presen\u00e7a de micro-organismos causadores de doen\u00e7as.<\/p>\n\n\n\n<p class=\"has-text-align-center has-larger-font-size\"><strong>RELAT\u00d3RIO DE AN\u00c1LISE &#8211; ANO 2024<\/strong><\/p>\n\n\n\n<p class=\"has-text-align-center\"><strong>&#8211; \u00daLTIMAS ATUALIZA\u00c7\u00d5ES: 18\/06\/2024 &#8211;<\/strong><\/p>\n\n\n\n<figure class=\"wp-block-table alignwide is-style-regular\"><table class=\"has-fixed-layout\"><tbody><tr><td class=\"has-text-align-center\" data-align=\"center\"><img decoding=\"async\" width=\"150\" height=\"63\" class=\"wp-image-88\" style=\"width: 150px;\" src=\"http:\/\/saaenep.com.br\/new\/wp-content\/uploads\/2021\/03\/cropped-cropped-cropped-LOGO2.png\" alt=\"\" srcset=\"https:\/\/saaenep.com.br\/new\/wp-content\/uploads\/2021\/03\/cropped-cropped-cropped-LOGO2.png 313w, https:\/\/saaenep.com.br\/new\/wp-content\/uploads\/2021\/03\/cropped-cropped-cropped-LOGO2-300x127.png 300w\" sizes=\"(max-width: 150px) 100vw, 150px\" \/><\/td><td class=\"has-text-align-center\" data-align=\"center\"><strong>M\u00caS: <\/strong><br><strong>MAIO<\/strong><br><\/td><\/tr><tr><td class=\"has-text-align-center\" data-align=\"center\"><strong><a href=\"http:\/\/www.saaenep.com.br\/new\/analysis\/relatorio - agua_tratada_rede - 08-05-24.pdf\" target=\"_blank\" rel=\"noreferrer noopener\">\u00c1GUA TRATADA &#8211; REDE HOSPITAL<\/a><\/strong> <strong>(CENTRO)<\/strong><\/td><td class=\"has-text-align-center\" data-align=\"center\">DIA 08<\/td><\/tr><tr><td class=\"has-text-align-center\" data-align=\"center\"><a href=\"http:\/\/www.saaenep.com.br\/analysis\/relatorio - agua_tratada - 14-12.pdf\" target=\"_blank\" rel=\"noreferrer noopener\"><\/a><strong><a href=\"http:\/\/www.saaenep.com.br\/new\/analysis\/relatorio - agua_bruta - 08-05-24.pdf\" target=\"_blank\" rel=\"noreferrer noopener\">\u00c1GUA BRUTA &#8211; ENTRADA DA E.T.A.<\/a><\/strong><\/td><td class=\"has-text-align-center\" data-align=\"center\">DIA 08<\/td><\/tr><tr><td class=\"has-text-align-center\" data-align=\"center\"><strong><a href=\"http:\/\/www.saaenep.com.br\/new\/analysis\/relatorio - agua_tratada - 08-05-24.pdf\" target=\"_blank\" rel=\"noreferrer noopener\">\u00c1GUA TRATADA &#8211; SA\u00cdDA DO TRATAMENTO<\/a><\/strong><\/td><td class=\"has-text-align-center\" data-align=\"center\">DIA 08<\/td><\/tr><\/tbody><\/table><\/figure>\n\n\n\n<p class=\"has-text-align-center has-larger-font-size\"><strong>RELAT\u00d3RIO DE AN\u00c1LISE &#8211; ANO 2023<\/strong><\/p>\n\n\n\n<figure class=\"wp-block-table alignwide is-style-regular\"><table class=\"has-fixed-layout\"><tbody><tr><td class=\"has-text-align-center\" data-align=\"center\"><img decoding=\"async\" width=\"150\" height=\"63\" class=\"wp-image-88\" style=\"width: 150px;\" src=\"http:\/\/saaenep.com.br\/new\/wp-content\/uploads\/2021\/03\/cropped-cropped-cropped-LOGO2.png\" alt=\"\" srcset=\"https:\/\/saaenep.com.br\/new\/wp-content\/uploads\/2021\/03\/cropped-cropped-cropped-LOGO2.png 313w, https:\/\/saaenep.com.br\/new\/wp-content\/uploads\/2021\/03\/cropped-cropped-cropped-LOGO2-300x127.png 300w\" sizes=\"(max-width: 150px) 100vw, 150px\" \/><\/td><td class=\"has-text-align-center\" data-align=\"center\"><strong>M\u00caS: <\/strong><br><strong>DEZEMBRO<\/strong><br><\/td><\/tr><tr><td class=\"has-text-align-center\" data-align=\"center\"><a href=\"http:\/\/www.saaenep.com.br\/analysis\/relatorio - agua_tratada - 14-12.pdf\" target=\"_blank\" rel=\"noreferrer noopener\"><\/a><strong><a href=\"http:\/\/www.saaenep.com.br\/new\/analysis\/relatorio - agua_bruta - 14-12-23.pdf\" target=\"_blank\" rel=\"noreferrer noopener\">\u00c1GUA BRUTA &#8211; ENTRADA DA E.T.A.<\/a><\/strong><\/td><td class=\"has-text-align-center\" data-align=\"center\">DIA 14<\/td><\/tr><tr><td class=\"has-text-align-center\" data-align=\"center\"><strong><a href=\"http:\/\/www.saaenep.com.br\/new\/analysis\/relatorio - agua_tratada - 14-12-23.pdf\" target=\"_blank\" rel=\"noreferrer noopener\">\u00c1GUA TRATADA &#8211; SA\u00cdDA DO TRATAMENTO<\/a><\/strong><\/td><td class=\"has-text-align-center\" data-align=\"center\">DIA 14<\/td><\/tr><\/tbody><\/table><\/figure>\n\n\n\n<figure class=\"wp-block-table alignwide is-style-regular\"><table class=\"has-fixed-layout\"><tbody><tr><td class=\"has-text-align-center\" data-align=\"center\"><img decoding=\"async\" width=\"150\" height=\"63\" class=\"wp-image-88\" style=\"width: 150px;\" src=\"http:\/\/saaenep.com.br\/new\/wp-content\/uploads\/2021\/03\/cropped-cropped-cropped-LOGO2.png\" alt=\"\" srcset=\"https:\/\/saaenep.com.br\/new\/wp-content\/uploads\/2021\/03\/cropped-cropped-cropped-LOGO2.png 313w, https:\/\/saaenep.com.br\/new\/wp-content\/uploads\/2021\/03\/cropped-cropped-cropped-LOGO2-300x127.png 300w\" sizes=\"(max-width: 150px) 100vw, 150px\" \/><\/td><td class=\"has-text-align-center\" data-align=\"center\"><strong>M\u00caS: <\/strong><br><strong>NOVEMBRO<\/strong><br><\/td><\/tr><tr><td class=\"has-text-align-center\" data-align=\"center\"><strong><a href=\"http:\/\/www.saaenep.com.br\/new\/analysis\/relatorio - agua_tratada_rede - 29-11-23.pdf\" target=\"_blank\" rel=\"noreferrer noopener\">\u00c1GUA TRATADA &#8211; REDE HOSPITAL<\/a><\/strong> <strong>(CENTRO)<\/strong><\/td><td class=\"has-text-align-center\" data-align=\"center\">DIA 29<\/td><\/tr><\/tbody><\/table><\/figure>\n\n\n\n<figure class=\"wp-block-table alignwide is-style-regular\"><table class=\"has-fixed-layout\"><tbody><tr><td class=\"has-text-align-center\" data-align=\"center\"><img decoding=\"async\" width=\"150\" height=\"63\" class=\"wp-image-88\" style=\"width: 150px;\" src=\"http:\/\/saaenep.com.br\/new\/wp-content\/uploads\/2021\/03\/cropped-cropped-cropped-LOGO2.png\" alt=\"\" srcset=\"https:\/\/saaenep.com.br\/new\/wp-content\/uploads\/2021\/03\/cropped-cropped-cropped-LOGO2.png 313w, https:\/\/saaenep.com.br\/new\/wp-content\/uploads\/2021\/03\/cropped-cropped-cropped-LOGO2-300x127.png 300w\" sizes=\"(max-width: 150px) 100vw, 150px\" \/><\/td><td class=\"has-text-align-center\" data-align=\"center\"><strong>M\u00caS: <\/strong><br><strong>JULHO<\/strong><br><\/td><\/tr><tr><td class=\"has-text-align-center\" data-align=\"center\"><strong><a href=\"http:\/\/www.saaenep.com.br\/new\/analysis\/relatorio - agua_tratada - 19-07-23.pdf\" target=\"_blank\" rel=\"noreferrer noopener\">\u00c1GUA TRATADA &#8211; SA\u00cdDA DO TRATAMENTO<\/a><\/strong><\/td><td class=\"has-text-align-center\" data-align=\"center\">DIA 19<\/td><\/tr><\/tbody><\/table><\/figure>\n\n\n\n<figure class=\"wp-block-table alignwide is-style-regular\"><table class=\"has-fixed-layout\"><tbody><tr><td class=\"has-text-align-center\" data-align=\"center\"><img decoding=\"async\" width=\"150\" height=\"63\" class=\"wp-image-88\" style=\"width: 150px;\" src=\"http:\/\/saaenep.com.br\/new\/wp-content\/uploads\/2021\/03\/cropped-cropped-cropped-LOGO2.png\" alt=\"\" srcset=\"https:\/\/saaenep.com.br\/new\/wp-content\/uploads\/2021\/03\/cropped-cropped-cropped-LOGO2.png 313w, https:\/\/saaenep.com.br\/new\/wp-content\/uploads\/2021\/03\/cropped-cropped-cropped-LOGO2-300x127.png 300w\" sizes=\"(max-width: 150px) 100vw, 150px\" \/><\/td><td class=\"has-text-align-center\" data-align=\"center\"><strong>M\u00caS: <\/strong><br><strong>JUNHO<\/strong><br><\/td><\/tr><tr><td class=\"has-text-align-center\" data-align=\"center\"><strong><a href=\"http:\/\/www.saaenep.com.br\/new\/analysis\/relatorio - agua_bruta - 28-06-23.pdf\" target=\"_blank\" rel=\"noreferrer noopener\">\u00c1GUA BRUTA &#8211; ENTRADA DA E.T.A.<\/a><\/strong><\/td><td class=\"has-text-align-center\" data-align=\"center\">DIA 28<\/td><\/tr><tr><td class=\"has-text-align-center\" data-align=\"center\"><strong><a href=\"http:\/\/www.saaenep.com.br\/new\/analysis\/relatorio - agua_tratada_rede - 28-06-23.pdf\" target=\"_blank\" rel=\"noreferrer noopener\">\u00c1GUA TRATADA &#8211; REDE HOSPITAL<\/a><\/strong> <strong>(CENTRO)<\/strong><\/td><td class=\"has-text-align-center\" data-align=\"center\">DIA 28<\/td><\/tr><\/tbody><\/table><\/figure>\n\n\n\n<figure class=\"wp-block-table alignwide is-style-regular\"><table class=\"has-fixed-layout\"><tbody><tr><td class=\"has-text-align-center\" data-align=\"center\"><img decoding=\"async\" width=\"150\" height=\"63\" class=\"wp-image-88\" style=\"width: 150px;\" src=\"http:\/\/saaenep.com.br\/new\/wp-content\/uploads\/2021\/03\/cropped-cropped-cropped-LOGO2.png\" alt=\"\" srcset=\"https:\/\/saaenep.com.br\/new\/wp-content\/uploads\/2021\/03\/cropped-cropped-cropped-LOGO2.png 313w, https:\/\/saaenep.com.br\/new\/wp-content\/uploads\/2021\/03\/cropped-cropped-cropped-LOGO2-300x127.png 300w\" sizes=\"(max-width: 150px) 100vw, 150px\" \/><\/td><td class=\"has-text-align-center\" data-align=\"center\"><strong>M\u00caS: <\/strong><br><strong>MAR\u00c7O<\/strong><br><\/td><\/tr><tr><td class=\"has-text-align-center\" data-align=\"center\"><strong><a href=\"http:\/\/www.saaenep.com.br\/new\/analysis\/relatorio - agua_tratada - 08-03-23.pdf\" target=\"_blank\" rel=\"noreferrer noopener\">\u00c1GUA TRATADA &#8211; SA\u00cdDA DO TRATAMENTO<\/a><\/strong><\/td><td class=\"has-text-align-center\" data-align=\"center\">DIA 08<\/td><\/tr><\/tbody><\/table><\/figure>\n\n\n\n<figure class=\"wp-block-table alignwide is-style-regular\"><table class=\"has-fixed-layout\"><tbody><tr><td class=\"has-text-align-center\" data-align=\"center\"><img decoding=\"async\" width=\"150\" height=\"63\" class=\"wp-image-88\" style=\"width: 150px;\" src=\"http:\/\/saaenep.com.br\/new\/wp-content\/uploads\/2021\/03\/cropped-cropped-cropped-LOGO2.png\" alt=\"\" srcset=\"https:\/\/saaenep.com.br\/new\/wp-content\/uploads\/2021\/03\/cropped-cropped-cropped-LOGO2.png 313w, https:\/\/saaenep.com.br\/new\/wp-content\/uploads\/2021\/03\/cropped-cropped-cropped-LOGO2-300x127.png 300w\" sizes=\"(max-width: 150px) 100vw, 150px\" \/><\/td><td class=\"has-text-align-center\" data-align=\"center\"><strong>M\u00caS: <\/strong><br><strong>JANEIRO<\/strong><br><\/td><\/tr><tr><td class=\"has-text-align-center\" data-align=\"center\"><a href=\"http:\/\/www.saaenep.com.br\/analysis\/relatorio - agua_tratada - 14-12.pdf\" target=\"_blank\" rel=\"noreferrer noopener\"><\/a><strong><a href=\"http:\/\/www.saaenep.com.br\/new\/analysis\/relatorio - agua_bruta - 24-05-23.pdf\" target=\"_blank\" rel=\"noreferrer noopener\">\u00c1GUA BRUTA &#8211; ENTRADA DA E.T.A.<\/a><\/strong><\/td><td class=\"has-text-align-center\" data-align=\"center\">DIA 23<\/td><\/tr><tr><td class=\"has-text-align-center\" data-align=\"center\"><strong><a href=\"http:\/\/www.saaenep.com.br\/new\/analysis\/relatorio - agua_tratada_rede - 24-05-23.pdf\" target=\"_blank\" rel=\"noreferrer noopener\">\u00c1GUA TRATADA &#8211; REDE HOSPITAL<\/a><\/strong> <strong>(CENTRO)<\/strong><\/td><td class=\"has-text-align-center\" data-align=\"center\">DIA 23<\/td><\/tr><tr><td class=\"has-text-align-center\" data-align=\"center\"><strong><a href=\"http:\/\/www.saaenep.com.br\/new\/analysis\/relatorio - agua_tratada - 24-05-23.pdf\" target=\"_blank\" rel=\"noreferrer noopener\">\u00c1GUA TRATADA &#8211; SA\u00cdDA DO TRATAMENTO<\/a><\/strong><\/td><td class=\"has-text-align-center\" data-align=\"center\">DIA 23<\/td><\/tr><\/tbody><\/table><\/figure>\n\n\n\n<p><\/p>\n\n\n\n<p class=\"has-text-align-center has-larger-font-size\"><strong>RELAT\u00d3RIO DE AN\u00c1LISE &#8211; ANO 2022<\/strong><\/p>\n\n\n\n<figure class=\"wp-block-table alignwide is-style-regular\"><table class=\"has-fixed-layout\"><tbody><tr><td class=\"has-text-align-center\" data-align=\"center\"><img decoding=\"async\" width=\"150\" height=\"63\" class=\"wp-image-88\" style=\"width: 150px;\" src=\"http:\/\/saaenep.com.br\/new\/wp-content\/uploads\/2021\/03\/cropped-cropped-cropped-LOGO2.png\" alt=\"\" srcset=\"https:\/\/saaenep.com.br\/new\/wp-content\/uploads\/2021\/03\/cropped-cropped-cropped-LOGO2.png 313w, https:\/\/saaenep.com.br\/new\/wp-content\/uploads\/2021\/03\/cropped-cropped-cropped-LOGO2-300x127.png 300w\" sizes=\"(max-width: 150px) 100vw, 150px\" \/><\/td><td class=\"has-text-align-center\" data-align=\"center\"><strong>M\u00caS: <\/strong><br><strong>DEZEMBRO<\/strong><br><\/td><\/tr><tr><td class=\"has-text-align-center\" data-align=\"center\"><a href=\"http:\/\/www.saaenep.com.br\/new\/analysis\/relatorio - agua_tratada - 14-12.pdf\" target=\"_blank\" rel=\"noreferrer noopener\"><strong>\u00c1GUA DE MANANCIAL &#8211; SA\u00cdDA DO TRATAMENTO<\/strong><\/a><\/td><td class=\"has-text-align-center\" data-align=\"center\">DIA 14<\/td><\/tr><tr><td class=\"has-text-align-center\" data-align=\"center\"><img decoding=\"async\" width=\"150\" height=\"63\" class=\"wp-image-88\" style=\"width: 150px;\" src=\"http:\/\/saaenep.com.br\/new\/wp-content\/uploads\/2021\/03\/cropped-cropped-cropped-LOGO2.png\" alt=\"\" srcset=\"https:\/\/saaenep.com.br\/new\/wp-content\/uploads\/2021\/03\/cropped-cropped-cropped-LOGO2.png 313w, https:\/\/saaenep.com.br\/new\/wp-content\/uploads\/2021\/03\/cropped-cropped-cropped-LOGO2-300x127.png 300w\" sizes=\"(max-width: 150px) 100vw, 150px\" \/><br><strong>RELAT\u00d3RIO DE ENSAIO<\/strong><\/td><td class=\"has-text-align-center\" data-align=\"center\"><strong>M\u00caS:<\/strong><br><strong>OUTUBRO<\/strong><br><\/td><\/tr><tr><td class=\"has-text-align-center\" data-align=\"center\"><strong><a href=\"http:\/\/www.saaenep.com.br\/new\/analysis\/relatorio - agua_bruta - 26-10.pdf\" target=\"_blank\" rel=\"noreferrer noopener\">\u00c1GUA BRUTA &#8211; ENTRADA DA E.T.A.<\/a><\/strong><\/td><td class=\"has-text-align-center\" data-align=\"center\">DIA 26<\/td><\/tr><tr><td class=\"has-text-align-center\" data-align=\"center\"><strong><a href=\"http:\/\/www.saaenep.com.br\/new\/analysis\/relatorio - agua_tratada_rede - 26-10.pdf\" target=\"_blank\" rel=\"noreferrer noopener\">\u00c1GUA TRATADA &#8211; REDE HOSPITAL<\/a><\/strong> <strong>(CENTRO)<\/strong><\/td><td class=\"has-text-align-center\" data-align=\"center\">DIA 26<\/td><\/tr><tr><td class=\"has-text-align-center\" data-align=\"center\"><strong><a href=\"http:\/\/www.saaenep.com.br\/new\/analysis\/relatorio - agua_tratada - 26-10.pdf\" target=\"_blank\" rel=\"noreferrer noopener\">\u00c1GUA TRATADA &#8211; SA\u00cdDA DO TRATAMENTO<\/a><\/strong><\/td><td class=\"has-text-align-center\" data-align=\"center\">DIA 26<\/td><\/tr><tr><td class=\"has-text-align-center\" data-align=\"center\"><img decoding=\"async\" width=\"150\" height=\"63\" class=\"wp-image-88\" style=\"width: 150px;\" src=\"http:\/\/saaenep.com.br\/new\/wp-content\/uploads\/2021\/03\/cropped-cropped-cropped-LOGO2.png\" alt=\"\" srcset=\"https:\/\/saaenep.com.br\/new\/wp-content\/uploads\/2021\/03\/cropped-cropped-cropped-LOGO2.png 313w, https:\/\/saaenep.com.br\/new\/wp-content\/uploads\/2021\/03\/cropped-cropped-cropped-LOGO2-300x127.png 300w\" sizes=\"(max-width: 150px) 100vw, 150px\" \/><br><strong>RELAT\u00d3RIO DE ENSAIO<\/strong><\/td><td class=\"has-text-align-center\" data-align=\"center\"><strong>M\u00caS:<\/strong> <br><strong>JULHO<\/strong><br><\/td><\/tr><tr><td class=\"has-text-align-center\" data-align=\"center\"><strong><a href=\"http:\/\/www.saaenep.com.br\/new\/analysis\/relatorio - agua_bruta - 13-07.pdf\" target=\"_blank\" rel=\"noreferrer noopener\">\u00c1GUA BRUTA &#8211; ENTRADA DA E.T.A.<\/a><\/strong><\/td><td class=\"has-text-align-center\" data-align=\"center\">DIA 13<\/td><\/tr><tr><td class=\"has-text-align-center\" data-align=\"center\"><strong><a href=\"http:\/\/www.saaenep.com.br\/new\/analysis\/relatorio - agua_tratada_rede - 13-07.pdf\" target=\"_blank\" rel=\"noreferrer noopener\">\u00c1GUA TRATADA &#8211; REDE HOSPITAL<\/a><\/strong> <strong>(CENTRO)<\/strong><\/td><td class=\"has-text-align-center\" data-align=\"center\">DIA 13<\/td><\/tr><tr><td class=\"has-text-align-center\" data-align=\"center\"><strong><a href=\"http:\/\/www.saaenep.com.br\/new\/analysis\/relatorio - agua_tratada - 13-07.pdf\" target=\"_blank\" rel=\"noreferrer noopener\">\u00c1GUA TRATADA &#8211; SA\u00cdDA DO TRATAMENTO<\/a><\/strong><\/td><td class=\"has-text-align-center\" data-align=\"center\">DIA 13<\/td><\/tr><tr><td class=\"has-text-align-center\" data-align=\"center\"><img decoding=\"async\" width=\"150\" height=\"63\" class=\"wp-image-88\" style=\"width: 150px;\" src=\"http:\/\/saaenep.com.br\/new\/wp-content\/uploads\/2021\/03\/cropped-cropped-cropped-LOGO2.png\" alt=\"\" srcset=\"https:\/\/saaenep.com.br\/new\/wp-content\/uploads\/2021\/03\/cropped-cropped-cropped-LOGO2.png 313w, https:\/\/saaenep.com.br\/new\/wp-content\/uploads\/2021\/03\/cropped-cropped-cropped-LOGO2-300x127.png 300w\" sizes=\"(max-width: 150px) 100vw, 150px\" \/><br><strong>RELAT\u00d3RIO DE ENSAIO<\/strong><\/td><td class=\"has-text-align-center\" data-align=\"center\"><strong>M\u00caS:<\/strong><br><strong>ABRIL<\/strong><\/td><\/tr><tr><td class=\"has-text-align-center\" data-align=\"center\"><a href=\"http:\/\/www.saaenep.com.br\/new\/analysis\/relatorio - agua_bruta - 27-04.pdf\" target=\"_blank\" rel=\"noreferrer noopener\"><strong>\u00c1GUA BRUTA &#8211; ENTRADA DA E.T.A.<\/strong><\/a><\/td><td class=\"has-text-align-center\" data-align=\"center\">DIA 27<\/td><\/tr><tr><td class=\"has-text-align-center\" data-align=\"center\"><strong><a href=\"http:\/\/www.saaenep.com.br\/new\/analysis\/relatorio - agua_tratada - 27-04.pdf\">\u00c1GUA TRATADA &#8211; PONTA DE REDE HOSPITAL<\/a><\/strong> <strong>(CENTRO)<\/strong><\/td><td class=\"has-text-align-center\" data-align=\"center\">DIA 27<\/td><\/tr><\/tbody><\/table><\/figure>\n","protected":false},"excerpt":{"rendered":"<p>A \u00e1gua distribu\u00edda \u00e0 popula\u00e7\u00e3o de Nepomuceno \u00e9 captada no c\u00f3rrego do Sap\u00e9, por meio de uma barragem de n\u00edvel para tomada de \u00e1gua e sua qualidade \u00e9 controlada desde ent\u00e3o. A \u00e1gua \u00e9 aduzida por gravidade atrav\u00e9s de 553,50 metros de tubula\u00e7\u00e3o de PVC com di\u00e2metro de 400 milimetros at\u00e9 a Esta\u00e7\u00e3o de Tratamento \u2013 DENERU.A ETA \u00e9 do [&hellip;]<\/p>\n","protected":false},"author":1,"featured_media":0,"parent":0,"menu_order":0,"comment_status":"closed","ping_status":"closed","template":"","meta":{"footnotes":""},"class_list":["post-882","page","type-page","status-publish","hentry"],"_links":{"self":[{"href":"https:\/\/saaenep.com.br\/new\/index.php\/wp-json\/wp\/v2\/pages\/882","targetHints":{"allow":["GET"]}}],"collection":[{"href":"https:\/\/saaenep.com.br\/new\/index.php\/wp-json\/wp\/v2\/pages"}],"about":[{"href":"https:\/\/saaenep.com.br\/new\/index.php\/wp-json\/wp\/v2\/types\/page"}],"author":[{"embeddable":true,"href":"https:\/\/saaenep.com.br\/new\/index.php\/wp-json\/wp\/v2\/users\/1"}],"replies":[{"embeddable":true,"href":"https:\/\/saaenep.com.br\/new\/index.php\/wp-json\/wp\/v2\/comments?post=882"}],"version-history":[{"count":73,"href":"https:\/\/saaenep.com.br\/new\/index.php\/wp-json\/wp\/v2\/pages\/882\/revisions"}],"predecessor-version":[{"id":4140,"href":"https:\/\/saaenep.com.br\/new\/index.php\/wp-json\/wp\/v2\/pages\/882\/revisions\/4140"}],"wp:attachment":[{"href":"https:\/\/saaenep.com.br\/new\/index.php\/wp-json\/wp\/v2\/media?parent=882"}],"curies":[{"name":"wp","href":"https:\/\/api.w.org\/{rel}","templated":true}]}}