{"id":139,"date":"2021-04-04T16:47:16","date_gmt":"2021-04-04T19:47:16","guid":{"rendered":"http:\/\/saaenep.com.br\/new\/?page_id=139"},"modified":"2024-04-01T17:11:26","modified_gmt":"2024-04-01T20:11:26","slug":"legislacao","status":"publish","type":"page","link":"https:\/\/saaenep.com.br\/new\/index.php\/legislacao\/","title":{"rendered":"Legisla\u00e7\u00e3o"},"content":{"rendered":"\n<p class=\"has-text-align-center has-text-color has-background\" style=\"color:#fafeff;background-color:#0f426f;font-size:20px\"><strong>Legisla\u00e7\u00e3o do Munic\u00edpio de Nepomuceno<\/strong><\/p>\n\n\n\n<div class=\"wp-block-buttons is-horizontal is-content-justification-center is-layout-flex wp-container-core-buttons-is-layout-499968f5 wp-block-buttons-is-layout-flex\">\n<div class=\"wp-block-button is-style-outline is-style-outline--1\"><a class=\"wp-block-button__link wp-element-button\" href=\"https:\/\/leismunicipais.com.br\/camara\/mg\/nepomuceno\" target=\"_blank\" rel=\"noreferrer noopener\">&#8211; ACESSE AQUI &#8211;<\/a><\/div>\n<\/div>\n\n\n\n<div style=\"height:20px\" aria-hidden=\"true\" class=\"wp-block-spacer\"><\/div>\n\n\n\n<p class=\"has-text-align-center has-text-color has-background\" style=\"color:#fcfeff;background-color:#0f426f;font-size:20px\"><strong>Acesso F\u00e1cil \u00e0 Principal Legisla\u00e7\u00e3o do SAAE Nepomuceno<\/strong><\/p>\n\n\n\n<h4 class=\"wp-block-heading\">\u25e5 <a rel=\"noreferrer noopener\" href=\"http:\/\/www.planalto.gov.br\/ccivil_03\/_ato2019-2022\/2020\/lei\/L14026.htm\" target=\"_blank\"><strong>Atualiza o Marco Legal do Saneamento B\u00e1sico (LEI N\u00ba 14.026, DE 15 DE JULHO DE 2020)<\/strong><\/a>.&nbsp;<\/h4>\n\n\n\n<h4 class=\"wp-block-heading\">\u25e5 <strong><a rel=\"noreferrer noopener\" href=\"http:\/\/www.planalto.gov.br\/ccivil_03\/_ato2007-2010\/2007\/lei\/l11445.htm\" target=\"_blank\">Estabelece as Diretrizes Nacionais para o Saneamento B\u00e1sico e cria o Comit\u00ea Interministerial de Saneamento B\u00e1sico (LEI N\u00ba 11.445, DE 5 DE JANEIRO DE 2007)<\/a><\/strong>.<\/h4>\n\n\n\n<h4 class=\"wp-block-heading\">\u25e5 <strong><a rel=\"noreferrer noopener\" href=\"http:\/\/www.planalto.gov.br\/ccivil_03\/_Ato2004-2006\/2005\/Lei\/L11107.htm\" target=\"_blank\">Disp\u00f5e sobre normas gerais de contrata\u00e7\u00e3o de cons\u00f3rcios p\u00fablicos (LEI N\u00ba 11.107, DE 6 DE ABRIL DE 2005)<\/a>.<\/strong><\/h4>\n\n\n\n<h4 class=\"wp-block-heading\">\u25e5 <strong><a rel=\"noreferrer noopener\" href=\"https:\/\/leismunicipais.com.br\/a2\/mg\/n\/nepomuceno\/lei-ordinaria\/2021\/75\/747\/lei-ordinaria-n-747-2021-institui-o-plano-municipal-de-saneamento-basico-pmsb-compreendendo-o-plano-municipal-de-gestao-integrada-de-residuos-solidos-pmgirs-do-municipio-de-nepomuceno-e-da-outras-providencias\" target=\"_blank\">Institui o Plano Municipal de Saneamento B\u00e1sico (PMSB), compreendendo o Plano Municipal de Gest\u00e3o Integrada de Res\u00edduos S\u00f3lidos (PMGIRS) do Munic\u00edpio de Nepomuceno (LEI N\u00ba 747, DE 27 DE ABRIL DE 2021)<\/a><\/strong><\/h4>\n\n\n\n<h4 class=\"wp-block-heading\">\u25e5 <strong><a rel=\"noreferrer noopener\" href=\"https:\/\/leismunicipais.com.br\/a2\/mg\/n\/nepomuceno\/lei-ordinaria\/2014\/50\/497\/lei-ordinaria-n-497-2014-dispoe-sobre-o-controle-do-desperdicio-de-agua-potavel-distribuida-pela-rede-publica-municipal-institui-o-programa-municipal-de-conservacao-e-uso-racional-da-agua-em-edificacoes-e-da-outras-providencias?q=saae\" target=\"_blank\">Disp\u00f5e sobre o controle do desperd\u00edcio de \u00e1gua pot\u00e1vel distribu\u00edda pela rede p\u00fablica municipal e institui o Programa Municipal de Conserva\u00e7\u00e3o (LEI N\u00ba 497, DE 24 DE OUTUBRO DE 2014)<\/a><\/strong><\/h4>\n\n\n\n<h4 class=\"wp-block-heading\">\u25e5 <strong><a rel=\"noreferrer noopener\" href=\"https:\/\/leismunicipais.com.br\/a2\/mg\/n\/nepomuceno\/lei-ordinaria\/1997\/2\/13\/lei-ordinaria-n-13-1997-cria-o-servico-autonomo-de-agua-e-esgoto-saae-e-da-outras-providencias?q=SAAE\" target=\"_blank\">Cria o SAAE (LEI N\u00ba 13, DE 14 DE MAR\u00c7O DE 1997)<\/a><\/strong><\/h4>\n\n\n\n<h4 class=\"wp-block-heading\">\u25e5 <strong><a rel=\"noreferrer noopener\" href=\"https:\/\/leismunicipais.com.br\/a2\/mg\/n\/nepomuceno\/lei-ordinaria\/1997\/4\/34\/lei-ordinaria-n-34-1997-cria-o-regulamento-servico-autonomo-de-agua-e-esgoto-saae-do-municipio-de-nepomuceno-e-da-outras-providencias?q=SAAE\" target=\"_blank\">Cria o Regulamento do SAAE (LEI MUNICIPAL N\u00ba 34, DE 29 DE DEZEMBRO DE 1997)<\/a><\/strong><\/h4>\n\n\n\n<h4 class=\"wp-block-heading\">\u25e5 <strong><a rel=\"noreferrer noopener\" href=\"https:\/\/leismunicipais.com.br\/a2\/mg\/n\/nepomuceno\/lei-complementar\/2017\/15\/149\/lei-complementar-n-149-2017-dispoe-sobre-a-nova-organizacao-e-estrutura-administrativa-do-servico-autonomo-de-agua-e-esgoto-saae-do-municipio-de-nepomuceno-e-da-outras-providencias?q=saae\" target=\"_blank\">Disp\u00f5e sobre a nova organiza\u00e7\u00e3o e estrutura administrativa do SAAE (LEI COMPLEMENTAR N\u00ba 149, DE 20 DE DEZEMBRO DE 2017)<\/a><\/strong><\/h4>\n\n\n\n<h4 class=\"wp-block-heading\">\u25e5 <a href=\"https:\/\/leismunicipais.com.br\/a2\/mg\/n\/nepomuceno\/lei-complementar\/2017\/15\/146\/lei-complementar-n-146-2017-dispoe-sobre-o-novo-plano-de-carreira-e-vencimentos-dos-servidores-do-servico-autonomo-de-agua-e-esgoto-saae-do-municipio-de-nepomuceno-e-da-outras-providencias?q=saae\" target=\"_blank\" rel=\"noreferrer noopener\"><strong>Disp\u00f5e sobre o novo plano de carreira e vencimentos dos servidores do SAAE (LEI COMPLEMENTAR N\u00ba 146, DE 26 DE OUTUBRO DE 2017)<\/strong><\/a><\/h4>\n\n\n\n<p><\/p>\n\n\n\n<p class=\"has-text-align-center has-text-color has-background has-link-color wp-elements-6de9214c081c3dadb2a57a1673bb6f25\" style=\"color:#ffffff;background-color:#0f426f;font-size:20px\"><strong><strong>Regulamento da Lei 14.133\/21<\/strong><\/strong><\/p>\n\n\n\n<p class=\"has-black-color has-text-color has-link-color wp-elements-851d1a424cf1a61fbeac4c7bbff31c15\" style=\"font-size:16px\">\u25e5 <strong><a href=\"http:\/\/www.saaenep.com.br\/new\/legislation\/DECRETO_1.886_03-10-2023.pdf\" target=\"_blank\" rel=\"noreferrer noopener\">DECRETO N\u00ba 1.886 &#8211; DE 03 DE OUTUBRO D<\/a><a href=\"http:\/\/www.saaenep.com.br\/legislation\/DECRETO_1.886_03-10-2023_Transi\u00e7\u00e3o para Nova Lei de Licita\u00e7\u00f5es.pdf\" target=\"_blank\" rel=\"noreferrer noopener\">E 2023<\/a><\/strong><\/p>\n\n\n\n<p class=\"has-black-color has-text-color has-link-color wp-elements-b945c90569a81ee0e84fa7437be3f454\" style=\"font-size:16px\">\u25e5 <strong><a href=\"http:\/\/www.saaenep.com.br\/new\/legislation\/DECRETO_1.889_03-10-2023.pdf\" target=\"_blank\" rel=\"noreferrer noopener\">DECRETO N\u00ba 1.889 &#8211; DE 03 DE OUTUBRO DE 2023<\/a><\/strong><\/p>\n\n\n\n<p class=\"has-black-color has-text-color has-link-color wp-elements-98222268d5d80a5ffa11239e0aa27297\" style=\"font-size:16px\">\u25e5 <strong><a href=\"http:\/\/www.saaenep.com.br\/new\/legislation\/DECRETO_1.895_03-10-2023.pdf\" target=\"_blank\" rel=\"noreferrer noopener\">DECRETO N\u00ba 1.895 &#8211; DE 03 DE OUTUBRO DE 2023<\/a><\/strong><\/p>\n\n\n\n<p class=\"has-black-color has-text-color has-link-color wp-elements-8fbd6b342a12e83e42595290b845ae4a\" style=\"font-size:16px\">\u25e5 <strong><a href=\"http:\/\/www.saaenep.com.br\/new\/legislation\/DECRETO_1.896_03-10-2023.pdf\" target=\"_blank\" rel=\"noreferrer noopener\">DECRETO N\u00ba 1.896 &#8211; DE 03 DE OUTUBRO DE 2023<\/a><\/strong><\/p>\n\n\n\n<p class=\"has-black-color has-text-color has-link-color wp-elements-6928cfcff13af8a5bb273158c874500e\" style=\"font-size:16px\">\u25e5 <strong><a href=\"http:\/\/www.saaenep.com.br\/new\/legislation\/DECRETO_1.898_03-10-2023.pdf\" target=\"_blank\" rel=\"noreferrer noopener\">DECRETO N\u00ba 1.898 &#8211; DE 03 DE OUTUBRO DE 2023<\/a><\/strong><\/p>\n\n\n\n<p>\u25e5 <strong><a href=\"http:\/\/www.saaenep.com.br\/new\/legislation\/portaria013_2024.pdf\" target=\"_blank\" rel=\"noreferrer noopener\">PORTARIA 13 &#8211; 2024:<\/a> DISP\u00d5E SOBRE A REGULAMENTA\u00c7\u00c3O DO ARTIGO 95 DA LEI FEDERAL N\u00b0 14.133\/2021<\/strong>,<strong> PARA ESTABELECER PROCEDIMENTO DE PEQUENAS COMPRAS, DE ENTREGA IMEDIATA E INTEGRAL DOS BENS ADQUIRIDOS OU DE PRESTA\u00c7\u00c3O DE SERVI\u00c7OS DE PRONTO PAGAMENTO.<\/strong><\/p>\n\n\n\n<p>\u25e5 <strong><a href=\"http:\/\/www.saaenep.com.br\/new\/legislation\/portaria011_2024.pdf\" target=\"_blank\" rel=\"noreferrer noopener\">PORTARIA 11 &#8211; 2024:<\/a> NOMEIA O PREGOEIRO, AGENTE DE CONTRATA\u00c7\u00c3O E EQUIPE DE APOIO, E D\u00c1 OUTRAS PROVID\u00caNCIAS.<\/strong><\/p>\n\n\n\n<p>\u25e5 <strong><a href=\"http:\/\/www.saaenep.com.br\/new\/legislation\/portaria010_2024.pdf\" target=\"_blank\" rel=\"noreferrer noopener\">PORTARIA 10 &#8211; 2024:<\/a> NOMEIA OS MEMBROS DA COMISS\u00c3O DE CONTRATA\u00c7\u00c3O E D\u00c1 OUTRAS PROVID\u00caNCIAS.<\/strong><\/p>\n\n\n\n<p>\u25e5 <strong><a href=\"http:\/\/www.saaenep.com.br\/new\/legislation\/portaria009_2024.pdf\" target=\"_blank\" rel=\"noreferrer noopener\">PORTARIA 09 &#8211; 2024:<\/a> DISP\u00d5E SOBRE APLICA\u00c7\u00c3O DE SAN\u00c7\u00d5ES ADMINISTRATIVAS AS CONTRATADAS EM LICITA\u00c7\u00c3O OU CONTRATA\u00c7\u00c3O DIRETA, NOS TERMOS DA LEI FEDERAL N\u00b0 14.133\/2021.<\/strong><\/p>\n\n\n\n<p>\u25e5 <strong><a href=\"http:\/\/www.saaenep.com.br\/new\/legislation\/portaria008_2024.pdf\" target=\"_blank\" rel=\"noreferrer noopener\">PORTARIA 08 &#8211; 2024:<\/a> DISP\u00d5E SOBRE A REGULAMENTA\u00c7\u00c3O DO ARTIGO 79, PAR\u00c1GRAFO \u00daNICO DA LEI FEDERAL N\u00b0 14.133\/2021, PARA ESTABELECER OS PROCEDIMENTOS DE CREDENCIAMENTO.<\/strong><\/p>\n\n\n\n<p>\u25e5 <strong><a href=\"http:\/\/www.saaenep.com.br\/new\/legislation\/portaria007_2024.pdf\" target=\"_blank\" rel=\"noreferrer noopener\">PORTARIA 07 &#8211; 2024:<\/a> DISP\u00d5E SOBRE A REGULAMENTA\u00c7\u00c3O DO ARTIGO 20 DA LEI FEDERAL N\u00b0 14.133\/2021, PARA ESTABELECER O ENQUADRAMENTO DOS BENS DE CONSUMO ADQUIRIDOS PARA SUPRIR AS DEMANDAS NAS CATEGORIAS DE QUALIDADE COMUM E DE LUXO.<\/strong><\/p>\n\n\n\n<p>\u25e5 <strong><a href=\"http:\/\/www.saaenep.com.br\/new\/legislation\/portaria006_2024.pdf\" target=\"_blank\" rel=\"noreferrer noopener\">PORTARIA 06 &#8211; 2024:<\/a> DISP\u00d5E SOBRE A REGULAMENTA\u00c7\u00c3O DO MODO DE DISPUTA DE ACORDO COM A LEI FEDERAL N\u00b0 14.133\/2021.<\/strong><\/p>\n\n\n\n<p>\u25e5 <strong><a href=\"http:\/\/www.saaenep.com.br\/new\/legislation\/portaria005_2024.pdf\" target=\"_blank\" rel=\"noreferrer noopener\">PORTARIA 05 &#8211; 2024:<\/a> DISP\u00d5E SOBRE A DISPENSA DE LICITA\u00c7\u00c3O, NA FORMA ELETR\u00d4NICA, DE QUE TRATA A LEI FEDERAL N\u00b0 14.133, DE 1\u00b0 DE ABRIL DE 2021, E INSTITUI O SISTEMA DE DISPENSA ELETR\u00d4NICA.<\/strong><\/p>\n\n\n\n<p>\u25e5 <strong><a href=\"http:\/\/www.saaenep.com.br\/new\/legislation\/portaria004_2024.pdf\" target=\"_blank\" rel=\"noreferrer noopener\">PORTARIA 04 &#8211; 2024:<\/a> DISPOE SOBRE A REGULAMENTA\u00c7\u00c3O DO PROCEDIMENTO ADMINISTRATIVO PARA REALIZA\u00c7\u00c3O DE PEQUISA DE PRECOS PARA AQUISI\u00c7\u00c3O DE BENS E SERVI\u00c7OS EM GERAL.<\/strong><\/p>\n\n\n\n<p>\u25e5 <strong><a href=\"http:\/\/www.saaenep.com.br\/new\/legislation\/portaria003_2024.pdf\" target=\"_blank\" rel=\"noreferrer noopener\">PORTARIA 03 &#8211; 2024:<\/a> DISP\u00d5E SOBRE A ELABORA\u00c7\u00c3O DO ESTUDO T\u00c9CNICO PRELIMINAR &#8211; ETP, PARA AQUISI\u00c7\u00c3O DE BENS E A CONTRATA\u00c7\u00c3O DE SERVI\u00c7OS E OBRAS.<\/strong><\/p>\n\n\n\n<p>\u25e5 <strong><a href=\"http:\/\/www.saaenep.com.br\/new\/legislation\/portaria002_2024.pdf\" target=\"_blank\" rel=\"noreferrer noopener\">PORTARIA 02 &#8211; 2024:<\/a> DISP\u00d5E SOBRE A REGULAMENTA\u00c7\u00c3O DO PORTAL NACIONAL DE CONTRATA\u00c7OES PUBLICAS (PNCP) E PRE\u00c7OS DE ACORDO COM A LEI FEDERAL N\u00b0 14.133\/2021.<\/strong><\/p>\n\n\n\n<p>\u25e5 <strong><a href=\"http:\/\/www.saaenep.com.br\/new\/legislation\/portaria001_2024.pdf\" target=\"_blank\" rel=\"noreferrer noopener\">PORTARIA 01 &#8211; 2024:<\/a><a href=\"http:\/\/www.saaenep.com.br\/legislation\/Portaria 001_2024.pdf\" target=\"_blank\" rel=\"noreferrer noopener\"> <\/a>DISP\u00d5E SOBRE A REGULAMENTA\u00c7\u00c3O DOS PROCEDIMENTOS A SEREM ADOTADOS NO \u00c2MBITO DAS CONTRATA\u00c7\u00d5ES P\u00daBLICAS.<\/strong><\/p>\n","protected":false},"excerpt":{"rendered":"<p>Legisla\u00e7\u00e3o do Munic\u00edpio de Nepomuceno Acesso F\u00e1cil \u00e0 Principal Legisla\u00e7\u00e3o do SAAE Nepomuceno \u25e5 Atualiza o Marco Legal do Saneamento B\u00e1sico (LEI N\u00ba 14.026, DE 15 DE JULHO DE 2020).&nbsp; \u25e5 Estabelece as Diretrizes Nacionais para o Saneamento B\u00e1sico e cria o Comit\u00ea Interministerial de Saneamento B\u00e1sico (LEI N\u00ba 11.445, DE 5 DE JANEIRO DE 2007). \u25e5 Disp\u00f5e sobre normas [&hellip;]<\/p>\n","protected":false},"author":1,"featured_media":0,"parent":0,"menu_order":0,"comment_status":"closed","ping_status":"closed","template":"","meta":{"footnotes":""},"class_list":["post-139","page","type-page","status-publish","hentry"],"_links":{"self":[{"href":"https:\/\/saaenep.com.br\/new\/index.php\/wp-json\/wp\/v2\/pages\/139","targetHints":{"allow":["GET"]}}],"collection":[{"href":"https:\/\/saaenep.com.br\/new\/index.php\/wp-json\/wp\/v2\/pages"}],"about":[{"href":"https:\/\/saaenep.com.br\/new\/index.php\/wp-json\/wp\/v2\/types\/page"}],"author":[{"embeddable":true,"href":"https:\/\/saaenep.com.br\/new\/index.php\/wp-json\/wp\/v2\/users\/1"}],"replies":[{"embeddable":true,"href":"https:\/\/saaenep.com.br\/new\/index.php\/wp-json\/wp\/v2\/comments?post=139"}],"version-history":[{"count":74,"href":"https:\/\/saaenep.com.br\/new\/index.php\/wp-json\/wp\/v2\/pages\/139\/revisions"}],"predecessor-version":[{"id":3994,"href":"https:\/\/saaenep.com.br\/new\/index.php\/wp-json\/wp\/v2\/pages\/139\/revisions\/3994"}],"wp:attachment":[{"href":"https:\/\/saaenep.com.br\/new\/index.php\/wp-json\/wp\/v2\/media?parent=139"}],"curies":[{"name":"wp","href":"https:\/\/api.w.org\/{rel}","templated":true}]}}