{"id":1364,"date":"2021-05-07T10:45:29","date_gmt":"2021-05-07T13:45:29","guid":{"rendered":"http:\/\/saaenep.com.br\/new\/?page_id=1364"},"modified":"2021-05-26T12:20:55","modified_gmt":"2021-05-26T15:20:55","slug":"transparencia","status":"publish","type":"page","link":"https:\/\/saaenep.com.br\/new\/index.php\/transparencia\/","title":{"rendered":"Transpar\u00eancia"},"content":{"rendered":"\n<p class=\"has-text-align-center has-text-color has-background\" style=\"background-color:#0f426f;color:#ffffff;font-size:20px\"><strong>PORTAL DA TRANSPAR\u00caNCIA<\/strong><\/p>\n\n\n\n<p>O Portal da Transpar\u00eancia do SAAE DE NEPOMUCENO \u00e9 um canal por meio do qual os cidad\u00e3os podem acompanhar a utiliza\u00e7\u00e3o dos recursos arrecadados com tarifas no fornecimento de servi\u00e7os p\u00fablicos \u00e0 popula\u00e7\u00e3o,&nbsp;al\u00e9m de se informar sobre outros assuntos relacionados ao SAAE Nepomuceno.<\/p>\n\n\n\n<div class=\"wp-block-buttons is-content-justification-center is-layout-flex wp-block-buttons-is-layout-flex\">\n<div class=\"wp-block-button is-style-outline is-style-outline--1\"><a class=\"wp-block-button__link\" href=\"http:\/\/mgfportaldatransparencia.azurewebsites.net\/home\/index?inscricao=02230481000157\" target=\"_blank\" rel=\"noreferrer noopener\">&#8211; ACESSE AQUI &#8211;<\/a><\/div>\n<\/div>\n","protected":false},"excerpt":{"rendered":"<p>PORTAL DA TRANSPAR\u00caNCIA O Portal da Transpar\u00eancia do SAAE DE NEPOMUCENO \u00e9 um canal por meio do qual os cidad\u00e3os podem acompanhar a utiliza\u00e7\u00e3o dos recursos arrecadados com tarifas no fornecimento de servi\u00e7os p\u00fablicos \u00e0 popula\u00e7\u00e3o,&nbsp;al\u00e9m de se informar sobre outros assuntos relacionados ao SAAE Nepomuceno.<\/p>\n","protected":false},"author":1,"featured_media":0,"parent":0,"menu_order":0,"comment_status":"closed","ping_status":"closed","template":"","meta":{"footnotes":""},"class_list":["post-1364","page","type-page","status-publish","hentry"],"_links":{"self":[{"href":"https:\/\/saaenep.com.br\/new\/index.php\/wp-json\/wp\/v2\/pages\/1364","targetHints":{"allow":["GET"]}}],"collection":[{"href":"https:\/\/saaenep.com.br\/new\/index.php\/wp-json\/wp\/v2\/pages"}],"about":[{"href":"https:\/\/saaenep.com.br\/new\/index.php\/wp-json\/wp\/v2\/types\/page"}],"author":[{"embeddable":true,"href":"https:\/\/saaenep.com.br\/new\/index.php\/wp-json\/wp\/v2\/users\/1"}],"replies":[{"embeddable":true,"href":"https:\/\/saaenep.com.br\/new\/index.php\/wp-json\/wp\/v2\/comments?post=1364"}],"version-history":[{"count":11,"href":"https:\/\/saaenep.com.br\/new\/index.php\/wp-json\/wp\/v2\/pages\/1364\/revisions"}],"predecessor-version":[{"id":1534,"href":"https:\/\/saaenep.com.br\/new\/index.php\/wp-json\/wp\/v2\/pages\/1364\/revisions\/1534"}],"wp:attachment":[{"href":"https:\/\/saaenep.com.br\/new\/index.php\/wp-json\/wp\/v2\/media?parent=1364"}],"curies":[{"name":"wp","href":"https:\/\/api.w.org\/{rel}","templated":true}]}}