{"id":135,"date":"2021-04-04T16:46:07","date_gmt":"2021-04-04T19:46:07","guid":{"rendered":"http:\/\/saaenep.com.br\/new\/?page_id=135"},"modified":"2021-05-05T11:04:28","modified_gmt":"2021-05-05T14:04:28","slug":"historia","status":"publish","type":"page","link":"https:\/\/saaenep.com.br\/new\/index.php\/historia\/","title":{"rendered":"Hist\u00f3ria"},"content":{"rendered":"\n<p class=\"has-text-color has-background\" style=\"background-color:#0f426f;color:#ffffff;font-size:25px\">O in\u00edcio da distribui\u00e7\u00e3o de \u00e1gua em Nepomuceno<\/p>\n\n\n\n<p>Inicialmente, a \u00e1gua utilizada pelos moradores da zona urbana de Nepomuceno era captada em duas nascentes: uma na Serra S\u00e3o Jo\u00e3o e outra na Vila Esm\u00e9ria.&nbsp;&nbsp;<\/p>\n\n\n\n<p>Na nascente da Serra S\u00e3o Jo\u00e3o a capta\u00e7\u00e3o de \u00e1gua era por gravidade at\u00e9 o reservat\u00f3rio do Alto do Cruzeiro e dali a \u00e1gua era distribu\u00edda para a parte alta do Munic\u00edpio. A nascente da Vila Esm\u00e9ria, por sua vez, abastecia outras \u00e1reas da Cidade e a \u00e1gua dessa fonte era armazenada em um reservat\u00f3rio localizado na atual Rua Zami\u00e3o Tonelli.<\/p>\n\n\n\n<p>\u00c0quela \u00e9poca, n\u00e3o existia em Nepomuceno qualquer tipo de tratamento de \u00e1gua e poucas resid\u00eancias possu\u00edam \u00e1gua encanada. Para suprir essa demanda, existiam torneiras nas esquinas, onde as mulheres nepomucenenses, ap\u00f3s enfrentar grandes filas, enchiam latas de \u00e1gua e retornavam para casa com suas latas cheias equilibradas na cabe\u00e7a.<br>Em meados de 1969, a Funda\u00e7\u00e3o Nacional de Sa\u00fade, com verbas do Minist\u00e9rio da Sa\u00fade, iniciou a constru\u00e7\u00e3o da Esta\u00e7\u00e3o de Tratamento de \u00c1gua de Nepomuceno \u2013 ETA, sendo esta inaugurada em 1973 e utilizada at\u00e9 hoje.<\/p>\n\n\n\n<p>Na Esta\u00e7\u00e3o de Tratamento de \u00c1gua de Nepomuceno \u2013 ETA a capta\u00e7\u00e3o de \u00e1gua \u00e9 feita por meio de uma adutora de capta\u00e7\u00e3o de \u00e1gua bruta que capta a \u00e1gua do C\u00f3rrego Sap\u00e9 por gravidade e essa percorre uma dist\u00e2ncia de 500 metros at\u00e9 a ETA, onde a a \u00e1gua \u00e9 floculada, decantada, filtrada, desinfectada e bombeada para o reservat\u00f3rio instalado na antiga propriedade do Sr. Dorval Rodrigues.<\/p>\n\n\n\n<p>Al\u00e9m da ETA, existiam mais duas esta\u00e7\u00f5es compactas, uma situada no Alto do Cruzeiro e a outra na COHAB. Tamb\u00e9m existiam mais duas capta\u00e7\u00f5es em po\u00e7os artesianos: uma na Vila Esm\u00e9ria e outra na regi\u00e3o do Bairro Vista Verde, na propriedade do Sr. Zami\u00e3o Tonelli.<\/p>\n\n\n\n<p>Nessa \u00e9poca, existia somente uma adutora de \u00e1gua tratada, que transportava a \u00e1gua at\u00e9 o reservat\u00f3rio na propriedade do Sr. Dorval Rodrigues.<\/p>\n\n\n\n<p>Com o passar do tempo e crescimento do Munic\u00edpio, passou a ser exigida uma melhor adequa\u00e7\u00e3o e amplia\u00e7\u00e3o do sistema de abastecimento de \u00e1gua. Assim, foi constru\u00edda outra casa de m\u00e1quinas e uma nova adutora de ferro fundido (200 mm). A Esta\u00e7\u00e3o de Tratamento de \u00c1gua &#8211; ETA foi ampliada com a constru\u00e7\u00e3o de floculadores, dois decantadores retangulares, dois filtros, um tanque de contato e um laborat\u00f3rio de qu\u00edmica.<br>Al\u00e9m disso, ao passo que a Esta\u00e7\u00e3o de Tratamento de \u00c1gua foi aprimorada, as esta\u00e7\u00f5es compactas foram sendo desativadas.<\/p>\n\n\n\n<p>O mesmo n\u00e3o ocorreu com os reservat\u00f3rios da Vila Esm\u00e9ria e do Alto do Cruzeiro, que continuavam a ser utilizados. A \u00e1gua era tratada na ETA e bombeada at\u00e9 eles, de onde era distribu\u00edda para os bairros de Nepomuceno.<\/p>\n\n\n\n<p>At\u00e9 ent\u00e3o, n\u00e3o existiam hidr\u00f4metros na Cidade. A cobran\u00e7a da tarifa era feita utilizando-se o tamanho estimado do im\u00f3vel, o que ocasionava um consumo descontrolado e \u00e0 aus\u00eancia de um sistema tarif\u00e1rio mais justo e que propiciasse a melhoria e amplia\u00e7\u00e3o do sistema de abastecimento de \u00e1gua e saneamento b\u00e1sico municipal.<\/p>\n\n\n\n<p>Nesse per\u00edodo, antes da cria\u00e7\u00e3o do SAAE, a distribui\u00e7\u00e3o de \u00e1gua e a coleta do esgoto sanit\u00e1rio eram de inteira responsabilidade do Demae \u2013 Departamento Municipal de \u00c1gua e Esgoto, que era dividido em tr\u00eas se\u00e7\u00f5es distintas: Se\u00e7\u00e3o de Abastecimento; Se\u00e7\u00e3o de Manuten\u00e7\u00e3o e Se\u00e7\u00e3o de Tratamento.<\/p>\n\n\n\n<p class=\"has-text-color has-background\" style=\"background-color:#0f426f;color:#ffffff;font-size:25px\">A cria\u00e7\u00e3o do SAAE<\/p>\n\n\n\n<p>Em 1997, com a Lei n\u00ba 13 de 14 de mar\u00e7o de 1997, foi criado o Servi\u00e7o Aut\u00f4nomo de \u00c1gua e Esgoto de Nepomuceno \u2013 SAAE Nepomuceno e a responsabilidade pelo abastecimento de \u00e1gua e saneamento b\u00e1sico do Munic\u00edpio deixou de ser da Prefeitura Municipal e do DMAE e passou a ser do SAAE.&nbsp;<\/p>\n\n\n\n<p>O Servi\u00e7o Aut\u00f4nomo de \u00c1gua e Esgoto de Nepomuceno \u2013 SAAE \u00e9 autarquia municipal com personalidade jur\u00eddica pr\u00f3pria e autonomia econ\u00f4mico, financeira e administrativa respons\u00e1vel por todo o sistema p\u00fablico de abastecimento de \u00e1gua e esgoto sanit\u00e1rio de Nepomuceno.<\/p>\n\n\n\n<p>O SAAE entrou em atividade em 05 de janeiro de 1998 e, com a sua cria\u00e7\u00e3o, passaram a ser instalados hidr\u00f4metros por toda Cidade para que a medi\u00e7\u00e3o e cobran\u00e7a de \u00e1gua passasse a ser hidrometrada, melhorando o atendimento \u00e0 popula\u00e7\u00e3o.&nbsp; Hidr\u00f4metros instalados em Nepomuceno de 1997 a 2003:<\/p>\n\n\n\n<figure class=\"wp-block-table\"><table class=\"has-subtle-light-gray-background-color has-fixed-layout has-background\"><tbody><tr><td>Ano<\/td><td>Hidr\u00f4metros Existentes<\/td><td>Hidr\u00f4metros Instalados<\/td><td>Total<\/td><\/tr><tr><td>1997<\/td><td>0<\/td><td>0<\/td><td>0<\/td><\/tr><tr><td>1998<\/td><td>0<\/td><td>1785<\/td><td>1785<\/td><\/tr><tr><td>1999<\/td><td>1785<\/td><td>1806<\/td><td>3591<\/td><\/tr><tr><td>2000<\/td><td>3591<\/td><td>278<\/td><td>3869<\/td><\/tr><tr><td>2001<\/td><td>3869<\/td><td>1773<\/td><td>5642<\/td><\/tr><tr><td>2002<\/td><td>5642<\/td><td>189<\/td><td>5831<\/td><\/tr><tr><td>2003<\/td><td>5831<\/td><td>507<\/td><td>6338<\/td><\/tr><\/tbody><\/table><\/figure>\n","protected":false},"excerpt":{"rendered":"<p>O in\u00edcio da distribui\u00e7\u00e3o de \u00e1gua em Nepomuceno Inicialmente, a \u00e1gua utilizada pelos moradores da zona urbana de Nepomuceno era captada em duas nascentes: uma na Serra S\u00e3o Jo\u00e3o e outra na Vila Esm\u00e9ria.&nbsp;&nbsp; Na nascente da Serra S\u00e3o Jo\u00e3o a capta\u00e7\u00e3o de \u00e1gua era por gravidade at\u00e9 o reservat\u00f3rio do Alto do Cruzeiro e dali a \u00e1gua era distribu\u00edda [&hellip;]<\/p>\n","protected":false},"author":1,"featured_media":0,"parent":0,"menu_order":0,"comment_status":"closed","ping_status":"closed","template":"","meta":{"footnotes":""},"class_list":["post-135","page","type-page","status-publish","hentry"],"_links":{"self":[{"href":"https:\/\/saaenep.com.br\/new\/index.php\/wp-json\/wp\/v2\/pages\/135","targetHints":{"allow":["GET"]}}],"collection":[{"href":"https:\/\/saaenep.com.br\/new\/index.php\/wp-json\/wp\/v2\/pages"}],"about":[{"href":"https:\/\/saaenep.com.br\/new\/index.php\/wp-json\/wp\/v2\/types\/page"}],"author":[{"embeddable":true,"href":"https:\/\/saaenep.com.br\/new\/index.php\/wp-json\/wp\/v2\/users\/1"}],"replies":[{"embeddable":true,"href":"https:\/\/saaenep.com.br\/new\/index.php\/wp-json\/wp\/v2\/comments?post=135"}],"version-history":[{"count":13,"href":"https:\/\/saaenep.com.br\/new\/index.php\/wp-json\/wp\/v2\/pages\/135\/revisions"}],"predecessor-version":[{"id":1314,"href":"https:\/\/saaenep.com.br\/new\/index.php\/wp-json\/wp\/v2\/pages\/135\/revisions\/1314"}],"wp:attachment":[{"href":"https:\/\/saaenep.com.br\/new\/index.php\/wp-json\/wp\/v2\/media?parent=135"}],"curies":[{"name":"wp","href":"https:\/\/api.w.org\/{rel}","templated":true}]}}

História

<p class="has-text-color has-background" style="background-color:#0f426f;color:#ffffff;font-size:25px">O início da distribuição de água em Nepomuceno</p>



<p>Inicialmente, a água utilizada pelos moradores da zona urbana de Nepomuceno era captada em duas nascentes: uma na Serra São João e outra na Vila Esméria.&nbsp;&nbsp;</p>



<p>Na nascente da Serra São João a captação de água era por gravidade até o reservatório do Alto do Cruzeiro e dali a água era distribuída para a parte alta do Município. A nascente da Vila Esméria, por sua vez, abastecia outras áreas da Cidade e a água dessa fonte era armazenada em um reservatório localizado na atual Rua Zamião Tonelli.</p>



<p>Àquela época, não existia em Nepomuceno qualquer tipo de tratamento de água e poucas residências possuíam água encanada. Para suprir essa demanda, existiam torneiras nas esquinas, onde as mulheres nepomucenenses, após enfrentar grandes filas, enchiam latas de água e retornavam para casa com suas latas cheias equilibradas na cabeça.<br>Em meados de 1969, a Fundação Nacional de Saúde, com verbas do Ministério da Saúde, iniciou a construção da Estação de Tratamento de Água de Nepomuceno – ETA, sendo esta inaugurada em 1973 e utilizada até hoje.</p>



<p>Na Estação de Tratamento de Água de Nepomuceno – ETA a captação de água é feita por meio de uma adutora de captação de água bruta que capta a água do Córrego Sapé por gravidade e essa percorre uma distância de 500 metros até a ETA, onde a a água é floculada, decantada, filtrada, desinfectada e bombeada para o reservatório instalado na antiga propriedade do Sr. Dorval Rodrigues.</p>



<p>Além da ETA, existiam mais duas estações compactas, uma situada no Alto do Cruzeiro e a outra na COHAB. Também existiam mais duas captações em poços artesianos: uma na Vila Esméria e outra na região do Bairro Vista Verde, na propriedade do Sr. Zamião Tonelli.</p>



<p>Nessa época, existia somente uma adutora de água tratada, que transportava a água até o reservatório na propriedade do Sr. Dorval Rodrigues.</p>



<p>Com o passar do tempo e crescimento do Município, passou a ser exigida uma melhor adequação e ampliação do sistema de abastecimento de água. Assim, foi construída outra casa de máquinas e uma nova adutora de ferro fundido (200 mm). A Estação de Tratamento de Água &#8211; ETA foi ampliada com a construção de floculadores, dois decantadores retangulares, dois filtros, um tanque de contato e um laboratório de química.<br>Além disso, ao passo que a Estação de Tratamento de Água foi aprimorada, as estações compactas foram sendo desativadas.</p>



<p>O mesmo não ocorreu com os reservatórios da Vila Esméria e do Alto do Cruzeiro, que continuavam a ser utilizados. A água era tratada na ETA e bombeada até eles, de onde era distribuída para os bairros de Nepomuceno.</p>



<p>Até então, não existiam hidrômetros na Cidade. A cobrança da tarifa era feita utilizando-se o tamanho estimado do imóvel, o que ocasionava um consumo descontrolado e à ausência de um sistema tarifário mais justo e que propiciasse a melhoria e ampliação do sistema de abastecimento de água e saneamento básico municipal.</p>



<p>Nesse período, antes da criação do SAAE, a distribuição de água e a coleta do esgoto sanitário eram de inteira responsabilidade do Demae – Departamento Municipal de Água e Esgoto, que era dividido em três seções distintas: Seção de Abastecimento; Seção de Manutenção e Seção de Tratamento.</p>



<p class="has-text-color has-background" style="background-color:#0f426f;color:#ffffff;font-size:25px">A criação do SAAE</p>



<p>Em 1997, com a Lei nº 13 de 14 de março de 1997, foi criado o Serviço Autônomo de Água e Esgoto de Nepomuceno – SAAE Nepomuceno e a responsabilidade pelo abastecimento de água e saneamento básico do Município deixou de ser da Prefeitura Municipal e do DMAE e passou a ser do SAAE.&nbsp;</p>



<p>O Serviço Autônomo de Água e Esgoto de Nepomuceno – SAAE é autarquia municipal com personalidade jurídica própria e autonomia econômico, financeira e administrativa responsável por todo o sistema público de abastecimento de água e esgoto sanitário de Nepomuceno.</p>



<p>O SAAE entrou em atividade em 05 de janeiro de 1998 e, com a sua criação, passaram a ser instalados hidrômetros por toda Cidade para que a medição e cobrança de água passasse a ser hidrometrada, melhorando o atendimento à população.&nbsp; Hidrômetros instalados em Nepomuceno de 1997 a 2003:</p>



<figure class="wp-block-table"><table class="has-subtle-light-gray-background-color has-fixed-layout has-background"><tbody><tr><td>Ano</td><td>Hidrômetros Existentes</td><td>Hidrômetros Instalados</td><td>Total</td></tr><tr><td>1997</td><td>0</td><td>0</td><td>0</td></tr><tr><td>1998</td><td>0</td><td>1785</td><td>1785</td></tr><tr><td>1999</td><td>1785</td><td>1806</td><td>3591</td></tr><tr><td>2000</td><td>3591</td><td>278</td><td>3869</td></tr><tr><td>2001</td><td>3869</td><td>1773</td><td>5642</td></tr><tr><td>2002</td><td>5642</td><td>189</td><td>5831</td></tr><tr><td>2003</td><td>5831</td><td>507</td><td>6338</td></tr></tbody></table></figure>

<p>O início da distribuição de água em Nepomuceno Inicialmente, a água utilizada pelos moradores da zona urbana de Nepomuceno era captada em duas nascentes: uma na Serra São João e outra na Vila Esméria.&nbsp;&nbsp; Na nascente da Serra São João a captação de água era por gravidade até o reservatório do Alto do Cruzeiro e dali a água era distribuída [&hellip;]</p>
